t is the units digit of h?
8
Let v be 4/(-10) + (-42)/(-5). Suppose -4*b + v = -2*b. Suppose 0 = -b*i + 2 + 10. What is the units digit of i?
3
Suppose 5*o - 1226 = -91. What is the tens digit of o?
2
Let g(t) = -t. Let a be g(-4). Let v be 6/(-21) - 33/7. Let w = a - v. What is the units digit of w?
9
Let b be 0 + (1 + 1)*1. Let a be (1 + -4)/(3/(-9)). Suppose u - a = -b*u. What is the units digit of u?
3
Let b be 2/2*15/(-3). Let s = 8 + b. Suppose s*l - 58 - 9 = -5*d, -3*d + 2*l + 25 = 0. What is the units digit of d?
1
Suppose 0 = -4*t - 0*t + 588. What is the hundreds digit of t?
1
Let m(q) = -q**2 + 5*q + 10. Let y be m(10). Let u = y + 68. What is the units digit of u?
8
Let b be -2 - (1 + -3 - -3). What is the units digit of (b - -1)/(-4)*16?
8
Suppose 5*i = -5*f + 130, -4*f + 8 = 2*i - 36. What is the units digit of i?
0
Suppose -3*t + 108 - 3 = 4*u, -u = -3. What is the tens digit of 1*(-5)/((-5)/t)?
3
Let g(o) = -o**3 + 5*o**2 - 2*o - 4. Let x be g(4). Suppose i + 21 = -4*u, -x*i = u - 0*i + 24. Let r = u + 7. What is the units digit of r?
3
Suppose -5*f + 14 = -1, -3*q = -3*f - 225. What is the tens digit of q?
7
Suppose 0 = -r - 2*j - 3, -4*r + 2*j = 7*j. Suppose 0 = -5*b - 2*f - 60, 3*f = -r*b - 35 - 25. What is the units digit of ((-4)/6)/(2/b)?
4
Let y be 71/2 - (-5)/10. Suppose -y = -4*h + 16. What is the units digit of h?
3
Suppose -7*j - 342 = -9*j. What is the tens digit of j?
7
Let l = -175 - -402. What is the tens digit of l?
2
Let u = 14 - 10. Suppose -u*a + 108 = f, 0*f - 34 = -a - 2*f. What is the tens digit of a?
2
Let f = 10 + -6. Suppose -19 = -a - f. What is the units digit of a?
5
Let i = -2 + 27. What is the tens digit of (i/(-4))/((-2)/8)?
2
Suppose 4*b - b = 2*h + 16, 36 = 5*b - h. Let v = -6 + 10. What is the units digit of (-1)/v - (-90)/b?
1
Let x = 82 - 40. Suppose x = 4*j - 2*j. What is the units digit of j?
1
Let l(n) = -n**2 + 5. Let o be l(0). Let m be 5/o*(-22)/(-2). Let h = m - 8. What is the units digit of h?
3
Let a(w) = -9*w - 55. What is the hundreds digit of a(-20)?
1
Let s be (-2)/7 - 2/(-7). Suppose 0 = -2*g - 2, s = -t - 5*g + 6. What is the units digit of t?
1
Let v(j) = 7 - j**3 + 5*j + 0*j + 2*j + 0*j**2 - 7*j**2. What is the tens digit of v(-8)?
1
Let q be (2/6)/(2/66). Let s = 20 - q. What is the units digit of s?
9
What is the units digit of (-1)/2 + 59/2?
9
Let o(h) = -2*h - 2. Let p be o(-3). Suppose -8*m + p*m = -4. What is the units digit of m?
1
Suppose -8 = 4*r, 4*n + 18 = -2*r - r. Let q(x) = x**2 + 5*x - 4. Let a be q(-5). What is the units digit of n/2*16/a?
6
Suppose -2*z + 2 = -4*g + 18, -5*g - 3*z = -31. Let n(i) = i + 2. What is the units digit of n(g)?
7
Let s be ((-1)/(-2))/(6/60). Suppose 0 = -0*l - l + 3, s*l = 3*o - 45. What is the tens digit of o?
2
Let u(x) = -21*x - 3. What is the units digit of u(-4)?
1
Suppose 5*m - 291 - 134 = 0. Let b = m - 42. Suppose -2*v + 2*a + 28 = 0, -4*v + b = -2*v - 5*a. What is the units digit of v?
9
Let u(b) = -b**2 - 16*b + 5. What is the tens digit of u(-7)?
6
Suppose 4*y = y + 12. Suppose -2*l + y*l = 26. Let z = 20 - l. What is the units digit of z?
7
Let a(k) be the first derivative of -k**4/4 - 13*k**3/3 - 11*k**2/2 + 15*k - 2. What is the units digit of a(-12)?
3
Let s(l) = 16*l + 5. What is the units digit of s(4)?
9
What is the units digit of ((-3)/2)/(6/(-28))?
7
Suppose 20 = 5*l - 70. Let g be (-4)/3*l/(-4). Let b = g + 2. What is the units digit of b?
8
Let h be 5 + 2/(-2)*0. Suppose h*t = 2*a - 4*a - 21, -4*t = 20. Suppose 2*w - 2*r = 24, w - 12 = a*r + 5. What is the units digit of w?
7
Suppose -4*r + a + 1275 = 0, r - 2*a - 289 = 28. What is the tens digit of r?
1
What is the tens digit of (-118)/(-2) + 0/7?
5
Suppose 4*f - 3*r + 9 - 24 = 0, 2*f - 2*r = 8. Suppose f*m - m - 4 = 0. Suppose 0*w + w = -m*t + 19, 4*t - 65 = -5*w. What is the units digit of w?
9
Let o be 2/(-10) - (-142)/10. Let g = -7 + o. What is the units digit of g?
7
What is the hundreds digit of (-10)/8 + 51*270/40?
3
Let y(h) = 2*h + 1. Let n be y(-7). Let r = -7 - n. Suppose 2*m - 10 = r. What is the units digit of m?
8
Let a(w) = -4*w**2 + 7*w - 5. Let g be 1/((2 - 1)*-1). Let h(d) = -d + 1. Let f(t) = g*a(t) - 4*h(t). What is the units digit of f(2)?
1
Let p be (-50)/(-1) - 13/(-13). Suppose 5*t - 2*l - 129 = 0, 0 = 2*t - 4*l + 3*l - p. What is the units digit of t?
7
Let c be ((-24)/3)/(1 - 3). Let j be (-3 + 6)/(3/c). Let l(r) = r - 2. What is the units digit of l(j)?
2
What is the tens digit of ((-2)/(-5))/(16/1040)?
2
Let z = -134 + 214. What is the units digit of z?
0
Suppose -13 = -4*r - u, -2*r = -2*u + 5*u + 1. Let k = r - -19. Suppose 3*s = -4*p + 21, -2*s + 4*p = -s - k. What is the units digit of s?
1
Let m(u) = u**3 + 10*u**2 + 8*u - 6. What is the units digit of m(-9)?
3
Suppose 7 = 2*i - 5. Suppose -3*s = -z + 12, 4*z = z - 5*s - i. What is the tens digit of 20/2 - (1 - z)?
1
Let u(f) = 4*f + 1. Let p(n) = n**2 + 6*n - 5. Let o be 26/(-4) - (-3)/(-6). Let q be p(o). What is the units digit of u(q)?
9
Let c be (2 + -1)*(1 + -2). What is the tens digit of (-70)/4*(c + -1)?
3
Suppose -3*y = -2*f + 6, f - 3 = -y - 3*y. Suppose d - f*d + 8 = 0. Let t = d - -3. What is the units digit of t?
7
Suppose 5*c - 32 = -g - 3*g, 2*g - 16 = -3*c. What is the units digit of g?
8
Let k(x) = -x + 3*x**2 - 4*x**2 + 18 + 2*x. Let n be k(0). What is the units digit of 35/3 - 12/n?
1
Let m = -6 + 10. Suppose m*a + 14 = 5*q, q - a - 3*a = 6. What is the tens digit of 4/(-4) - (-40)/q?
1
Let f = 59 + -15. Suppose 0 = 2*z - 0*z - f. What is the units digit of z?
2
Let y(p) = -p**2 - 8*p - 8. Let s be y(-7). Let w(d) = -6*d. Let v be w(1). Let i = s - v. What is the units digit of i?
5
Suppose -p = p, 0 = -2*i - 2*p + 192. What is the tens digit of i?
9
Let b = 19 - -12. Suppose -4*m = 3*j - b, -j - 2*m + 6 + 1 = 0. What is the tens digit of j?
1
Let q(l) = l**3 + 3*l**2 - 3*l - 2. What is the units digit of q(3)?
3
Suppose -2*m + 0*m + 4 = 0. Suppose 3*t - 17 = 2*y, 3*y + t - 2 = -0. What is the units digit of (-6 + m)*2/y?
8
Let n = 28 - -20. What is the units digit of n/2 - (1 + -2)?
5
Suppose -9*u + 13*u = 32. What is the units digit of u?
8
Suppose -5*w = -15, -l + 57 = -4*w + 9*w. What is the tens digit of l?
4
What is the tens digit of 272/3 + -4*3/(-36)?
9
What is the tens digit of (-38)/4*390/(-15)?
4
Suppose -1 = 3*t + 2. What is the tens digit of (-6)/(-2) - (-18 - t)?
2
Let j(o) be the third derivative of -o**5/60 + o**4/4 - 5*o**3/6 - 6*o**2. What is the units digit of j(4)?
3
Let z(x) = -x + 12. Let v be z(9). Suppose -4*i + 4 = 2*l, -2*l + 12 = -l - v*i. What is the units digit of l?
6
Let h(i) = 2*i - 7. Let z(k) = -1. Let p(s) = -h(s) + 4*z(s). Let f be p(-3). What is the units digit of 1*-4*f/(-12)?
3
Suppose 0 = -4*n - 4, -5*y + 190 + 379 = n. What is the units digit of y?
4
Let c = 6 + -6. Suppose -8*q + 6*q + 28 = c. What is the units digit of q?
4
Suppose 3*d - 2*d = -m + 51, 4*d - 2*m = 222. What is the tens digit of d?
5
Suppose 2*r + 5 = -0*d + d, 4*d - 2 = 2*r. What is the units digit of 9/2 - r/6?
5
Let g be (7/4)/((-4)/(-32)). Let l = g - 24. Let k(d) = -d**3 - 9*d**2 + 10*d + 9. What is the units digit of k(l)?
9
Suppose -3*k = -5*f - 31, -3*k + 4 + 67 = 5*f. What is the tens digit of k?
1
Suppose -4*c + 1 = -3. Let v = 13 + c. What is the units digit of v?
4
Let u(w) be the first derivative of w**3/3 - 15*w**2/2 + 16*w + 7. What is the units digit of u(15)?
6
Suppose 0 = -2*y - 3*h + 11, 12 = -y + 5*y - 4*h. What is the units digit of y?
4
Suppose 0 = c + 3*w - 8*w - 220, 9 = -3*w. What is the units digit of c?
5
Let c(y) = y**2 + 3*y - 5. Let s be c(-4). Let t be (s/(-2))/((-1)/(-12)). What is the units digit of (-5)/((-15)/t) - -15?
7
Let i = 2 + 2. Suppose 2*m = -i*t - 3*m + 96, -t + 4*m = -24. What is the tens digit of t?
2
Let n = -7 + 13. Let q(b) = b - 6. Let o be q(n). Suppose -70 = -5*r - o*r. What is the units digit of r?
4
What is the tens digit of (4 - 120/21)*-42?
7
Suppose 2*v - 8 = 64. What is the units digit of v?
6
Let q(t) be the third derivative of t**5/60 + t**4/3 + 3*t**3/2 - t**2. What is the units digit of q(-7)?
2
Let g be -34 + (2 - (-8)/(-2)). Let a = -12 - g. What is the units digit of a?
4
Let q = -